s divided by 69.
67
What is the remainder when 1849 is divided by 10?
9
What is the remainder when 14 is divided by 5?
4
What is the remainder when 203 is divided by 15?
8
Calculate the remainder when 2485 is divided by 1234.
17
Calculate the remainder when 27 is divided by 10.
7
What is the remainder when 93 is divided by 83?
10
Calculate the remainder when 97 is divided by 6.
1
Calculate the remainder when 156 is divided by 52.
0
Calculate the remainder when 537 is divided by 12.
9
What is the remainder when 1985 is divided by 283?
4
What is the remainder when 77 is divided by 41?
36
What is the remainder when 14 is divided by 5?
4
What is the remainder when 403 is divided by 52?
39
What is the remainder when 1579 is divided by 10?
9
Calculate the remainder when 419 is divided by 148.
123
Calculate the remainder when 33 is divided by 22.
11
Calculate the remainder when 4090 is divided by 22.
20
Calculate the remainder when 300 is divided by 102.
96
What is the remainder when 3152 is divided by 38?
36
What is the remainder when 6285 is divided by 43?
7
Calculate the remainder when 196 is divided by 57.
25
What is the remainder when 386 is divided by 98?
92
What is the remainder when 116 is divided by 35?
11
What is the remainder when 204 is divided by 19?
14
What is the remainder when 226 is divided by 39?
31
What is the remainder when 4599 is divided by 184?
183
What is the remainder when 195 is divided by 32?
3
What is the remainder when 42 is divided by 12?
6
What is the remainder when 12068 is divided by 6?
2
Calculate the remainder when 29 is divided by 3.
2
Calculate the remainder when 459 is divided by 77.
74
Calculate the remainder when 349 is divided by 39.
37
Calculate the remainder when 1037 is divided by 65.
62
Calculate the remainder when 2135 is divided by 118.
11
Calculate the remainder when 372 is divided by 9.
3
Calculate the remainder when 1396 is divided by 14.
10
What is the remainder when 399 is divided by 50?
49
What is the remainder when 159 is divided by 57?
45
What is the remainder when 70 is divided by 24?
22
Calculate the remainder when 1916 is divided by 16.
12
What is the remainder when 198 is divided by 62?
12
What is the remainder when 872 is divided by 300?
272
What is the remainder when 57 is divided by 10?
7
Calculate the remainder when 236 is divided by 17.
15
Calculate the remainder when 245 is divided by 31.
28
What is the remainder when 2826 is divided by 29?
13
Calculate the remainder when 2551 is divided by 367.
349
What is the remainder when 85 is divided by 9?
4
Calculate the remainder when 338 is divided by 83.
6
What is the remainder when 8978 is divided by 60?
38
What is the remainder when 110 is divided by 40?
30
Calculate the remainder when 7304 is divided by 174.
170
Calculate the remainder when 133 is divided by 10.
3
What is the remainder when 63 is divided by 13?
11
What is the remainder when 142 is divided by 32?
14
What is the remainder when 1195 is divided by 26?
25
What is the remainder when 155 is divided by 71?
13
Calculate the remainder when 3779 is divided by 15.
14
What is the remainder when 176 is divided by 14?
8
Calculate the remainder when 995 is divided by 244.
19
Calculate the remainder when 1762 is divided by 84.
82
Calculate the remainder when 85 is divided by 44.
41
What is the remainder when 188 is divided by 33?
23
Calculate the remainder when 313 is divided by 105.
103
Calculate the remainder when 149 is divided by 15.
14
What is the remainder when 57453 is divided by 14?
11
What is the remainder when 181 is divided by 13?
12
Calculate the remainder when 196 is divided by 35.
21
Calculate the remainder when 95 is divided by 12.
11
Calculate the remainder when 197 is divided by 33.
32
Calculate the remainder when 856 is divided by 42.
16
What is the remainder when 1258 is divided by 35?
33
Calculate the remainder when 177 is divided by 7.
2
What is the remainder when 84 is divided by 23?
15
What is the remainder when 165 is divided by 17?
12
Calculate the remainder when 1811 is divided by 100.
11
Calculate the remainder when 578 is divided by 74.
60
Calculate the remainder when 173 is divided by 25.
23
What is the remainder when 103 is divided by 21?
19
Calculate the remainder when 196 is divided by 29.
22
Calculate the remainder when 127 is divided by 37.
16
What is the remainder when 22630 is divided by 92?
90
What is the remainder when 81 is divided by 31?
19
What is the remainder when 134 is divided by 34?
32
Calculate the remainder when 263 is divided by 89.
85
Calculate the remainder when 569 is divided by 57.
56
Calculate the remainder when 83 is divided by 4.
3
What is the remainder when 54 is divided by 31?
23
What is the remainder when 51 is divided by 8?
3
Calculate the remainder when 3150 is divided by 1048.
6
What is the remainder when 556 is divided by 17?
12
What is the remainder when 423 is divided by 30?
3
Calculate the remainder when 392 is divided by 7.
0
Calculate the remainder when 520 is divided by 44.
36
Calculate the remainder when 208 is divided by 21.
19
What is the remainder when 2945 is divided by 224?
33
What is the remainder when 164 is divided by 42?
38
What is the remainder when 962 is divided by 95?
12
Calculate the remainder when 115 is divided by 88.
27
Calculate the remainder when 4722 is divided by 339.
315
Calculate the remainder when 250 is divided by 63.
61
Calculate the remainder when 236 is divided by 31.
19
Calculate the remainder when 2938 is divided by 44.
34
Calculate the remainder when 65 is divided by 41.
24
Calculate the remainder when 6598 is divided by 30.
28
What is the remainder when 42 is divided by 14?
0
Calculate the remainder when 1733 is divided by 156.
17
Calculate the remainder when 3637 is divided by 909.
1
Calculate the remainder when 693 is divided by 344.
5
What is the remainder when 21 is divided by 11?
10
Calculate the remainder when 341 is divided by 118.
105
Calculate the remainder when 797 is divided by 80.
77
What is the remainder when 1829 is divided by 231?
212
What is the remainder when 404 is divided by 26?
14
Calculate the remainder when 45 is divided by 5.
0
Calculate the remainder when 377 is divided by 50.
27
What is the remainder when 387 is divided by 65?
62
What is the remainder when 4361 is divided by 228?
29
Calculate the remainder when 2678 is divided by 127.
11
What is the remainder when 13 is divided by 9?
4
What is the remainder when 125 is divided by 69?
56
What is the remainder when 609 is divided by 5?
4
What is the remainder when 8639 is divided by 1232?
15
Calculate the remainder when 361 is divided by 117.
10
Calculate the remainder when 262 is divided by 4.
2
What is the remainder when 320 is divided by 185?
135
Calculate the remainder when 255 is divided by 53.
43
What is the remainder when 379 is divided by 375?
4
Calculate the remainder when 688 is divided by 57.
4
Calculate the remainder when 406 is divided by 102.
100
Calculate the remainder when 295 is divided by 12.
7
What is the remainder when 31 is divided by 24?
7
Calculate the remainder when 196 is divided by 101.
95
Calculate the remainder when 318 is divided by 68.
46
What is the remainder when 62 is divided by 2?
0
What is the remainder when 340 is divided by 15?
10
Calculate the remainder when 408 is divided by 16.
8
Calculate the remainder when 465 is divided by 353.
112
Calculate the remainder when 84 is divided by 18.
12
What is the remainder when 196 is divided by 10?
6
Calculate the remainder when 2963 is divided by 38.
37
Calculate the remainder when 251 is divided by 9.
8
Calculate the remainder when 38 is divided by 29.
9
Calculate the remainder when 395 is divided by 44.
43
What is the remainder when 381 is divided by 96?
93
What is the remainder when 73398 is divided by 25?
23
Calculate the remainder when 267 is divided by 30.
27
What is the remainder when 1078 is divided by 120?
118
Calculate the remainder when 458 is divided by 23.
21
What is the remainder when 309 is divided by 89?
42
Calculate the remainder when 3296 is divided by 34.
32
Calculate the remainder when 18 is divided by 3.
0
Calculate the remainder when 1072 is divided by 108.
100
What is the remainder when 2987 is divided by 65?
62
W